. Calculate w(16).
9
Let v(x) = x**3 + 36*x**2 - 52*x - 570. What is v(-37)?
-15
Let r(a) = a**3 - 4*a**2 - 2*a - 7. What is r(5)?
8
Let l(n) = 6*n - 18. What is l(0)?
-18
Let g(z) = -z + 2. What is g(8)?
-6
Let u(x) = 3*x - 50. Calculate u(17).
1
Let g(z) = z**3 - 12*z**2 - 14*z + 3. What is g(13)?
-10
Let a(c) = c**2 - 14*c - 15. What is a(9)?
-60
Let x(q) = q**3 + 7*q**2 - 2*q + 30. Calculate x(-8).
-18
Let r(y) = 8*y + 5. Give r(1).
13
Let r(g) = -g**3 + 5*g**2 + 4*g - 29. Determine r(4).
3
Let v(o) = o**3 + o**2 - 2*o + 5. Determine v(-3).
-7
Let h(p) = -8*p + 3. What is h(3)?
-21
Let y(k) = 2*k**2 + 2*k - 3. Give y(-4).
21
Let a(u) = -4*u + 7. Give a(-13).
59
Let j(b) = b**3 + 9*b**2 - 12*b - 6. Determine j(-10).
14
Let f(u) = -u**2 + 3*u + 4. Give f(0).
4
Let k(z) = -180*z - 713. Give k(-4).
7
Let p(x) = -x**3 - 5*x**2 - 9*x - 10. What is p(-4)?
10
Let x(l) = 3*l**2 - 20*l + 3. Determine x(8).
35
Let z(m) = -11*m + 168. What is z(20)?
-52
Let h(u) = -10*u + 74. Determine h(6).
14
Let n(h) = 12*h - 19. What is n(-2)?
-43
Let g(a) = 2*a**2 + 27*a + 8. Determine g(-13).
-5
Let t(u) = -u**2 - 17*u - 4. Give t(-14).
38
Let b(t) = t**2 + 8*t + 16. What is b(-4)?
0
Let f(c) = c**3 + 3*c**2 - 5*c + 4. Determine f(-5).
-21
Let s(l) = 11*l**2 - 9*l. Calculate s(2).
26
Let z(b) = 2*b**2 - 37*b - 22. Give z(19).
-3
Let j(y) = -y**3 + 19*y**2 - 32*y - 32. What is j(17)?
2
Let i(h) = -h**3 + 11*h**2 - 13*h + 18. Calculate i(10).
-12
Let s(l) = l**2 - 23*l + 16. Calculate s(22).
-6
Let a(u) = -14*u + 14. What is a(-7)?
112
Let z(b) = -b**2 + b + 6. Determine z(-3).
-6
Let j(w) = 2*w**3 - 10*w**2 + 8*w - 7. Give j(4).
-7
Let z(s) = 2*s**3 + 2*s**2 + 2. What is z(-2)?
-6
Let x(u) = -u**3 + 3*u**2 + u + 4. Give x(3).
7
Let b(f) = -4*f**3 + 31*f**2 + 10*f - 12. Determine b(8).
4
Let t(a) = 18*a - 1. Determine t(-1).
-19
Let k(o) = o**3 + 2*o**2 - 3*o - 3. Determine k(-2).
3
Let u(l) = -8*l**2 - 2*l - 3. Give u(-2).
-31
Let t(d) = 3*d - 11. Give t(3).
-2
Let k(v) = -3*v**2 - 19*v + 41. Calculate k(-8).
1
Let v(w) = -8*w**2 - 2*w + 1. Give v(1).
-9
Let u(a) = 2*a - 1. What is u(3)?
5
Let t(n) = -5*n - 134. What is t(-26)?
-4
Let g(j) = j**3 + 7*j**2 + j + 3. Give g(-7).
-4
Let x(g) = -2*g**2 + 4*g + 41. Determine x(-5).
-29
Let p(o) = o**3 + 7*o**2 - o + 3. Give p(-7).
10
Let d(g) = g**2 - 7*g - 12. Determine d(9).
6
Let c(x) = x**3 - 16*x**2 - 28*x + 183. Give c(17).
-4
Let q(o) = -15*o + 110. Determine q(8).
-10
Let y(o) = -o**3 - 6*o**2 - 3*o - 7. Give y(-6).
11
Let v(l) = -l**3 + 4*l**2 - 6*l. What is v(3)?
-9
Let b(h) = -h**3 + 18*h**2 - 18*h + 7. What is b(17)?
-10
Let x(k) = -k + 55. Determine x(38).
17
Let x(z) = z**3 - 2*z**2 + 3*z - 2. Determine x(4).
42
Let u(p) = -6*p - 3. What is u(-3)?
15
Let y(o) = -o**3 + 3*o - 23. Calculate y(0).
-23
Let n(j) = -j + 17. Determine n(7).
10
Let n(q) = -q**3 - 3*q**2 - 3*q + 4. Calculate n(-3).
13
Let s(r) = -r**3 + 9*r**2 + r - 8. Give s(9).
1
Let l(o) = -o**2 - 8*o - 6. Give l(-8).
-6
Let p(n) = -n**3 + 7*n**2 + 5*n + 17. Give p(8).
-7
Let o(p) = -2*p + 11. Give o(-6).
23
Let u(k) = -k**3 + 5*k**2 + 3*k + 8. What is u(6)?
-10
Let b(x) = -4*x + 23. Calculate b(-7).
51
Let k(a) = 2*a - 70. Give k(13).
-44
Let k(n) = n**3 + 22*n**2 + 39*n - 41. Calculate k(-20).
-21
Let n(s) = -s**3 - 10*s**2 - 11*s - 21. Give n(-9).
-3
Let s(t) = -4*t - 7. Give s(7).
-35
Let f(b) = -b**2 - 33*b - 37. Give f(-32).
-5
Let n(v) = -2*v**2 + 8*v - 1. Calculate n(3).
5
Let g(w) = -24*w**2 - w. What is g(1)?
-25
Let n(z) = z**2 - z + 7. Give n(3).
13
Let s(r) = -r + 21. Calculate s(11).
10
Let z(a) = a**2 + 18*a. Determine z(-21).
63
Let a(p) = -39*p. Calculate a(1).
-39
Let f(o) = o**3 + 5*o**2 - 12*o + 8. Give f(-7).
-6
Let r(t) = -t**3 + 4*t**2 + 3*t + 11. Give r(5).
1
Let d(n) = n**2 - 10*n + 9. Determine d(11).
20
Let w(b) = -b**2 + 13*b - 17. What is w(11)?
5
Let v(g) = -g**3 - 5*g**2 - 6*g - 4. Calculate v(-6).
68
Let b(p) = -p + 2. What is b(-14)?
16
Let j(p) = 9*p**2 - 6*p. Give j(3).
63
Let b(f) = f**2 + f - 20. Give b(4).
0
Let b(m) = 2*m + 2. Give b(-6).
-10
Let h(l) = -15*l**2 - 2*l + 8. Give h(2).
-56
Let c(q) = -5*q - 2. Calculate c(-1).
3
Let a(g) = -g**3 + 5*g**2 - 3. Determine a(5).
-3
Let r(p) = -4*p**2 - p + 1. Calculate r(-1).
-2
Let o(w) = w**2 + 39*w - 234. Calculate o(5).
-14
Let j(s) = -s + 17. Determine j(5).
12
Let k(o) = -2*o**2 - 8*o - 8. What is k(-6)?
-32
Let y(q) = -q**3 + 5*q**2 + q - 28. Give y(3).
-7
Let f(h) = h**2 + 15*h + 17. What is f(-14)?
3
Let o(h) = -h**3 - 13*h**2 - 12*h - 18. Determine o(-12).
-18
Let m(u) = -7*u**2 - u + 1. Calculate m(1).
-7
Let l(i) = 10*i + 6. Give l(-1).
-4
Let d(t) = t**2 + 10*t + 1. Determine d(-9).
-8
Let x(m) = -m**2 + 20*m + 55. Give x(23).
-14
Let m(q) = -q**2 + 3*q + 5. Give m(4).
1
Let t(b) = -9*b + 63. Calculate t(8).
-9
Let m(t) = -t**2 + 13*t - 37. Determine m(7).
5
Let o(l) = -l**3 + 7*l**2 + 8*l. Give o(7).
56
Let g(r) = 5*r - 7. What is g(7)?
28
Let n(b) = -31*b - 41. Determine n(3).
-134
Let v(p) = p**3 + 7*p**2 - 35*p - 43. Calculate v(-10).
7
Let h(k) = -k**3 + 18*k**2 + 29*k + 214. Determine h(20).
-6
Let v(m) = -m**3 - 21*m**2 - 37*m + 16. Give v(-19).
-3
Let h(c) = c**3 - 12*c**2 + 3*c - 36. Determine h(12).
0
Let y(p) = -12*p - 19. Calculate y(-9).
89
Let c(q) = -3*q + 122. What is c(0)?
122
Let r(q) = -q**3 - 20*q**2 - 3. What is r(-20)?
-3
Let u(d) = -8*d + 235. Calculate u(28).
11
Let b(q) = q**3 + 4*q**2 - 4*q + 7. Determine b(-4).
23
Let h(q) = 17*q + 2. Determine h(2).
36
Let m(k) = k + 10. Calculate m(-12).
-2
Let w(p) = -11*p + 18. Give w(3).
-15
Let f(a) = -7*a + 5. Determine f(-3).
26
Let u(r) = -12*r**2 + 14*r. What is u(-2)?
-76
Let j(x) = -3*x + 20. Give j(6).
2
Let b(d) = -d - 10. Determine b(-6).
-4
Let b(t) = -12*t - 6. Give b(0).
-6
Let x(p) = -2*p**3 - 11*p**2 + 15*p + 53. Give x(-6).
-1
Let d(g) = g - 13. What is d(12)?
-1
Let j(q) = q**2 + 15*q + 61. Calculate j(-9).
7
Let x(b) = -b**2 + 3*b + 2. Determine x(6).
-16
Let k(t) = -5*t + 7. Calculate k(5).
-18
Let n(a) = -4*a**3 + 73*a**2 - 17*a + 10. What is n(18)?
28
Let l(g) = -8*g - 101. Give l(-10).
-21
Let h(d) = -11*d**2 - d - 1. Determine h(2).
-47
Let b(r) = r**3 - 33*r**2 - 2*r + 62. Give b(33).
-4
Let z(a) = -4*a**2 + 6*a - 1. Determine z(5).
-71
Let r(g) = 9*g + 1. Calculate r(0).
1
Let p(s) = -s**3 + 2*s**2 + 2*s + 31. Give p(4).
7
Let p(d) = -d**3 + 28*d**2 + 57*d + 102. Calculate p(30).
12
Let p(j) = -5*j + 16. Determine p(-4).
36
Let h(x) = -x**3 + 4*x**2 + x - 5. Determine h(4).
-1
Let n(v) = v**2 - 27*v + 45. Give n(25).
-5
Let a(r) = -10*r**2 + 12*r - 9. Determine a(4).
-121
Let a(v) = 7*v**2 - 6*v + 6. Give a(2).
22
Let b(g) = g + 10. Calculate b(-14).
-4
Let b(o) = 6*o**2 - 7*o - 18. Determine b(-3).
57
Let l(y) = -y**2 - 7*y. Calculate l(-6).
6
Let j(i) = -21*i - 179. What is j(-9)?
10
Let c(v) = v**3 + 4*v**2 - 2*v - 6. Calculate c(-4).
2
Let z(y) = 2*y**3 + 65*y**2 - 102*y - 10. Determine z(-34).
-10
Let b(f) = 6*f - 132. Determine b(17).
-30
Let k(b) = 3*b**2 - 34*b - 15. Determine k(11).
-26
Let p(q) = q**3 + 3*q**2 + q. Calculate p(-1).
1
Let y(s) = 7*s + 67. What is y(-15)?
-38
Let x(g) = g + 22. Give x(-11).
11
Let b(k) = k**2 + 19*k - 92. Calculate b(4).
0
Let u(y) = -2*y - 20. Determine u(-14).
8
Let t(l) = -14*l**2 - l - 2. What is t(-1)?
-15
Let a(i) = -i - 6. What is a(5)?
-11
Let c(s) = -26*s - 152. What is c(-6)?
4
Let p(g) = g**2 + 22*g + 40. Give p(-20).
0
Let h(r) = r**2 - 5*r - 15. Determine h(7).
-1
Let n(m) = -m**2 - 2*m - 19. Calculate n(-7).
-54
Let p(i) = 5*i + 89. Calculate p(-16).
9
Let u(z) = -z**2 + 14*z - 28. Determine u(5).
17
Let c(a) = 34*a - 278. What is c(8)?
-6
Let h(l) = -l**3 - 19*l**2 - 2*l - 43. Calculate h(-19).
-5
Let b(x) = -x**3 + 21*x**2 - 19*x - 41. Determine b(20).
-21
Let v(i) = -3*i + 3. Give v(-4).
15
Let p(u) = -13*u + 70. Give p(9).
-47
Let w(k) = -k**3 - 5*k**2 - k - 6. Calculate w(-5).
-1
Let t(q) = -q**2 - 10*q + 9. Calculate t(-10).
9
Let c(u) = 2*u - 32. Give c(-29).
-90
Let s(g) = g**3 + 8*g**2 + 10*g + 17. What is s(-7)?
-4
Let v(x) = x**2 + 4*x - 13. What is v(-6)?
-1
Let n(s) = -7*s + 1. What is n(-3)?
22
Let m(q) = q**2 - 3*q - 14. Calculate m(6).
4
Let g(m) = m**2 + 2*m + 8. Determine g(-4).
16
